{"id":494,"date":"2024-05-27T20:08:42","date_gmt":"2024-05-27T20:08:42","guid":{"rendered":"https:\/\/apartscare.pl\/?page_id=494"},"modified":"2026-03-26T16:19:14","modified_gmt":"2026-03-26T16:19:14","slug":"polityka-prywatnosci","status":"publish","type":"page","link":"https:\/\/apartscare.pl\/index.php\/polityka-prywatnosci\/","title":{"rendered":"Polityka Prywatno\u015bci"},"content":{"rendered":"\t\t<div data-elementor-type=\"wp-page\" data-elementor-id=\"494\" class=\"elementor elementor-494\" data-elementor-post-type=\"page\">\n\t\t\t\t\t\t<section class=\"elementor-section elementor-top-section elementor-element elementor-element-3384cf7 elementor-section-boxed elementor-section-height-default elementor-section-height-default\" data-id=\"3384cf7\" data-element_type=\"section\">\n\t\t\t\t\t\t<div class=\"elementor-container elementor-column-gap-default\">\n\t\t\t\t\t<div class=\"elementor-column elementor-col-100 elementor-top-column elementor-element elementor-element-fff26df\" data-id=\"fff26df\" data-element_type=\"column\">\n\t\t\t<div class=\"elementor-widget-wrap elementor-element-populated\">\n\t\t\t\t\t\t<section class=\"elementor-section elementor-inner-section elementor-element elementor-element-76fd357 elementor-section-boxed elementor-section-height-default elementor-section-height-default\" data-id=\"76fd357\" data-element_type=\"section\">\n\t\t\t\t\t\t<div class=\"elementor-container elementor-column-gap-default\">\n\t\t\t\t\t<div class=\"elementor-column elementor-col-100 elementor-inner-column elementor-element elementor-element-aafecc4\" data-id=\"aafecc4\" data-element_type=\"column\">\n\t\t\t<div class=\"elementor-widget-wrap elementor-element-populated\">\n\t\t\t\t\t\t<div class=\"elementor-element elementor-element-dcdeb5a elementor-widget elementor-widget-spacer\" data-id=\"dcdeb5a\" data-element_type=\"widget\" data-widget_type=\"spacer.default\">\n\t\t\t\t<div class=\"elementor-widget-container\">\n\t\t\t\t\t\t\t<div class=\"elementor-spacer\">\n\t\t\t<div class=\"elementor-spacer-inner\"><\/div>\n\t\t<\/div>\n\t\t\t\t\t\t<\/div>\n\t\t\t\t<\/div>\n\t\t\t\t<div class=\"elementor-element elementor-element-5ce212f elementor-widget elementor-widget-heading\" data-id=\"5ce212f\" data-element_type=\"widget\" data-widget_type=\"heading.default\">\n\t\t\t\t<div class=\"elementor-widget-container\">\n\t\t\t\t\t<h1 class=\"elementor-heading-title elementor-size-default\">Polityka Prywatno\u015bci<\/h1>\t\t\t\t<\/div>\n\t\t\t\t<\/div>\n\t\t\t\t<div class=\"elementor-element elementor-element-4773bbc elementor-widget elementor-widget-text-editor\" data-id=\"4773bbc\" data-element_type=\"widget\" data-widget_type=\"text-editor.default\">\n\t\t\t\t<div class=\"elementor-widget-container\">\n\t\t\t\t\t\t\t\t\t<p><strong>Administrator Danych Osobowych<\/strong><\/p>\n<p>Administratorem Pa\u0144stwa danych osobowych jest <b>Aparts Care Paulina Samotyja ul. 1 maja 23, 88-200 Radziej\u00f3w, NIP 889-149-59-28, REGON 36597202200000 oraz P.P.H.U. \u201eALS\u201d s.c.B. Samotyja M. Samotyja. ul. 1-go Maja 23. 88-200 Radziej\u00f3w, NIP 888-24-65-951, REGON 910914655<\/b>. Kontakt z administratorem jest mo\u017cliwy pod adresem e-mail: <a target=\"_new\" rel=\"noreferrer\">paulina@apartscare.pl<\/a> lub telefonicznie pod numerem +48 723 883 770.<\/p>\n<p><strong>Zakres i Cel Przetwarzania Danych Osobowych<\/strong><\/p>\n<p>Przetwarzamy Pa\u0144stwa dane osobowe w celu:<\/p>\n<ol>\n<li><strong>Realizacji us\u0142ug noclegowych<\/strong> &#8211; przetwarzanie danych jest niezb\u0119dne do wykonania umowy, kt\u00f3rej s\u0105 Pa\u0144stwo stron\u0105.<\/li>\n<li><strong>Marketingu bezpo\u015bredniego<\/strong> &#8211; na podstawie udzielonej zgody, w celu informowania o promocjach, ofertach specjalnych i nowo\u015bciach zwi\u0105zanych z nasz\u0105 dzia\u0142alno\u015bci\u0105.<\/li>\n<li><strong>Realizacji obowi\u0105zk\u00f3w prawnych<\/strong> &#8211; wype\u0142nianie obowi\u0105zk\u00f3w wynikaj\u0105cych z przepis\u00f3w prawa, np. przepis\u00f3w podatkowych i rachunkowych.<\/li>\n<li><strong>Zabezpieczenia roszcze\u0144<\/strong> &#8211; w celach dowodowych i ochrony przed ewentualnymi roszczeniami.<\/li>\n<\/ol>\n<p><strong><br><\/strong><\/p>\n<p><strong>Rodzaje Przetwarzanych Danych<\/strong><\/p>\n<p>Przetwarzamy nast\u0119puj\u0105ce rodzaje danych osobowych:<\/p>\n<ul>\n<li>Imi\u0119 i nazwisko<\/li>\n<li>Adres e-mail<\/li>\n<li>Numer telefonu<\/li>\n<li>Adres zamieszkania<\/li>\n<li>Dane dotycz\u0105ce p\u0142atno\u015bci<\/li>\n<li>Dane dotycz\u0105ce rezerwacji (data przyjazdu, data wyjazdu, liczba os\u00f3b itp.)<\/li>\n<\/ul>\n<p><strong><br><\/strong><\/p>\n<p><strong>Podstawa Prawna Przetwarzania<\/strong><\/p>\n<p>Dane osobowe przetwarzamy zgodnie z obowi\u0105zuj\u0105cymi przepisami prawa, w szczeg\u00f3lno\u015bci z Rozporz\u0105dzeniem Parlamentu Europejskiego i Rady (UE) 2016\/679 (RODO). Podstaw\u0105 prawn\u0105 przetwarzania danych osobowych mo\u017ce by\u0107:<\/p>\n<ul>\n<li>Zgoda osoby, kt\u00f3rej dane dotycz\u0105 (art. 6 ust. 1 lit. a RODO).<\/li>\n<li>Wykonanie umowy, kt\u00f3rej stron\u0105 jest osoba, kt\u00f3rej dane dotycz\u0105 (art. 6 ust. 1 lit. b RODO).<\/li>\n<li>Wype\u0142nienie obowi\u0105zku prawnego ci\u0105\u017c\u0105cego na administratorze (art. 6 ust. 1 lit. c RODO).<\/li>\n<li>Prawnie uzasadniony interes realizowany przez administratora (art. 6 ust. 1 lit. f RODO).<\/li>\n<\/ul>\n<p><strong><br><\/strong><\/p>\n<p><strong>Okres Przechowywania Danych<\/strong><\/p>\n<p>Dane osobowe przechowujemy przez okres niezb\u0119dny do realizacji cel\u00f3w, dla kt\u00f3rych zosta\u0142y zebrane, a tak\u017ce w celu spe\u0142nienia wymog\u00f3w prawnych, podatkowych i rachunkowych. W przypadku danych przetwarzanych na podstawie zgody, dane b\u0119d\u0105 przetwarzane do momentu wycofania zgody.<\/p>\n<p><strong>Prawa Os\u00f3b, Kt\u00f3rych Dane Dotycz\u0105<\/strong><\/p>\n<p>Osoby, kt\u00f3rych dane dotycz\u0105, maj\u0105 prawo do:<\/p>\n<ol>\n<li><strong>Dost\u0119pu do danych osobowych<\/strong> &#8211; uzyskania informacji o przetwarzanych danych osobowych.<\/li>\n<li><strong>Sprostowania danych<\/strong> &#8211; \u017c\u0105dania poprawienia nieprawid\u0142owych lub niekompletnych danych.<\/li>\n<li><strong>Usuni\u0119cia danych<\/strong> &#8211; \u017c\u0105dania usuni\u0119cia danych, gdy nie s\u0105 ju\u017c potrzebne do cel\u00f3w, dla kt\u00f3rych zosta\u0142y zebrane, lub gdy wycofana zosta\u0142a zgoda na ich przetwarzanie.<\/li>\n<li><strong>Ograniczenia przetwarzania<\/strong> &#8211; \u017c\u0105dania ograniczenia przetwarzania danych w okre\u015blonych przypadkach.<\/li>\n<li><strong>Przenoszenia danych<\/strong> &#8211; otrzymania danych w ustrukturyzowanym, powszechnie u\u017cywanym formacie oraz przeniesienia ich do innego administratora.<\/li>\n<li><strong>Sprzeciwu wobec przetwarzania<\/strong> &#8211; wniesienia sprzeciwu wobec przetwarzania danych na podstawie prawnie uzasadnionego interesu administratora.<\/li>\n<li><strong>Wycofania zgody<\/strong> &#8211; w dowolnym momencie wycofania zgody na przetwarzanie danych osobowych.<\/li>\n<\/ol>\n<p><strong><br><\/strong><\/p>\n<p><strong>Udost\u0119pnianie Danych Osobowych<\/strong><\/p>\n<p>Dane osobowe mog\u0105 by\u0107 udost\u0119pniane podmiotom trzecim tylko w zakresie niezb\u0119dnym do realizacji cel\u00f3w przetwarzania, w szczeg\u00f3lno\u015bci:<\/p>\n<ul>\n<li>Podmiotom przetwarzaj\u0105cym dane na zlecenie administratora (np. dostawcom us\u0142ug IT, ksi\u0119gowym).<\/li>\n<li>Organom publicznym na podstawie obowi\u0105zuj\u0105cych przepis\u00f3w prawa.<\/li>\n<\/ul>\n<p><strong><br><\/strong><\/p>\n<p><strong>\u015arodki Ochrony Danych<\/strong><\/p>\n<p>Stosujemy odpowiednie \u015brodki techniczne i organizacyjne, aby zapewni\u0107 bezpiecze\u0144stwo danych osobowych, w tym ochron\u0119 przed ich przypadkowym lub niezgodnym z prawem zniszczeniem, utrat\u0105, zmian\u0105, nieuprawnionym ujawnieniem lub dost\u0119pem.<\/p>\n<p><strong>Kontakt i Skargi<\/strong><\/p>\n<p>W przypadku pyta\u0144 dotycz\u0105cych przetwarzania danych osobowych lub realizacji Pa\u0144stwa praw, prosimy o kontakt z administratorem pod adresem e-mail: <a target=\"_new\" rel=\"noreferrer\">paulina.samotyja@apartscare.pl<\/a>.<\/p>\n<p>Je\u015bli uwa\u017caj\u0105 Pa\u0144stwo, \u017ce przetwarzanie danych osobowych narusza przepisy RODO, maj\u0105 Pa\u0144stwo prawo do wniesienia skargi do organu nadzorczego \u2013 Prezesa Urz\u0119du Ochrony Danych Osobowych.<\/p>\n<p><strong>Zmiany w Polityce Prywatno\u015bci<\/strong><\/p>\n<p>Zastrzegamy sobie prawo do wprowadzania zmian w niniejszej Polityce Prywatno\u015bci. Wszelkie zmiany b\u0119d\u0105 publikowane na stronie internetowej <a href=\"http:\/\/www.apartscare.pl\/\" target=\"_new\" rel=\"noreferrer\">www.apartscare.pl<\/a>.<\/p>\n<p><strong>Data aktualizacji: 26.03.2026.<\/strong><\/p>\t\t\t\t\t\t\t\t<\/div>\n\t\t\t\t<\/div>\n\t\t\t\t<div class=\"elementor-element elementor-element-fcb5224 elementor-widget elementor-widget-spacer\" data-id=\"fcb5224\" data-element_type=\"widget\" data-widget_type=\"spacer.default\">\n\t\t\t\t<div class=\"elementor-widget-container\">\n\t\t\t\t\t\t\t<div class=\"elementor-spacer\">\n\t\t\t<div class=\"elementor-spacer-inner\"><\/div>\n\t\t<\/div>\n\t\t\t\t\t\t<\/div>\n\t\t\t\t<\/div>\n\t\t\t\t\t<\/div>\n\t\t<\/div>\n\t\t\t\t\t<\/div>\n\t\t<\/section>\n\t\t\t\t\t<\/div>\n\t\t<\/div>\n\t\t\t\t\t<\/div>\n\t\t<\/section>\n\t\t\t\t<\/div>\n\t\t","protected":false},"excerpt":{"rendered":"<p>Polityka Prywatno\u015bci Administrator Danych Osobowych Administratorem Pa\u0144stwa danych osobowych jest Aparts Care Paulina Samotyja ul. 1 maja 23, 88-200 Radziej\u00f3w, NIP 889-149-59-28, REGON 36597202200000 oraz P.P.H.U. \u201eALS\u201d s.c.B. Samotyja M. Samotyja. ul. 1-go Maja 23. 88-200 Radziej\u00f3w, NIP 888-24-65-951, REGON 910914655. Kontakt z administratorem jest mo\u017cliwy pod adresem e-mail: paulina@apartscare.pl lub telefonicznie pod numerem +48 [&hellip;]<\/p>\n","protected":false},"author":1,"featured_media":0,"parent":0,"menu_order":0,"comment_status":"closed","ping_status":"closed","template":"elementor_header_footer","meta":{"footnotes":""},"_links":{"self":[{"href":"https:\/\/apartscare.pl\/index.php\/wp-json\/wp\/v2\/pages\/494"}],"collection":[{"href":"https:\/\/apartscare.pl\/index.php\/wp-json\/wp\/v2\/pages"}],"about":[{"href":"https:\/\/apartscare.pl\/index.php\/wp-json\/wp\/v2\/types\/page"}],"author":[{"embeddable":true,"href":"https:\/\/apartscare.pl\/index.php\/wp-json\/wp\/v2\/users\/1"}],"replies":[{"embeddable":true,"href":"https:\/\/apartscare.pl\/index.php\/wp-json\/wp\/v2\/comments?post=494"}],"version-history":[{"count":10,"href":"https:\/\/apartscare.pl\/index.php\/wp-json\/wp\/v2\/pages\/494\/revisions"}],"predecessor-version":[{"id":1007,"href":"https:\/\/apartscare.pl\/index.php\/wp-json\/wp\/v2\/pages\/494\/revisions\/1007"}],"wp:attachment":[{"href":"https:\/\/apartscare.pl\/index.php\/wp-json\/wp\/v2\/media?parent=494"}],"curies":[{"name":"wp","href":"https:\/\/api.w.org\/{rel}","templated":true}]}}